common divisor of n and z.
29
Let s(a) = -5*a + 7. Let f be s(11). Let d be (-2)/3 + (-5408)/f. What is the greatest common divisor of d and 14?
14
Suppose -38*l = -40*l - 12. Let s be 5 - ((-6978)/22 - l/33). Calculate the highest common factor of 28 and s.
14
Let m(q) = 399*q - 2364. Let r be m(6). Calculate the highest common factor of r and 198.
6
Suppose -515 = -5*f + x, 2*f + 4*x - 124 = f. Calculate the highest common divisor of f and 2600.
104
Let l = 6937 - 6897. Suppose 2*b - 2*y = 4*b - 58, 2*b + y = 59. What is the highest common factor of l and b?
10
Let t be 97 + (4 + 0 - 5) + -1. Suppose -203 = -2*m + 5*v + 32, -m - 2*v + t = 0. Calculate the highest common factor of m and 21.
21
Let q be ((-1092)/(-390))/(1/10)*28. What is the highest common factor of 32 and q?
16
Suppose -4*y + d + d + 332 = 0, -d = y - 80. Suppose -18209*x + 18292*x = 332. What is the highest common factor of x and y?
2
Let y be ((-4)/6)/((58/2)/(-11832)). Calculate the greatest common factor of y and 1802.
34
Let l = -21 - -26. Suppose -l*s = -2*s - 21. Let m(u) = -u + 11. Let z be m(s). What is the greatest common factor of z and 36?
4
Let q = -3264 - -3270. What is the greatest common divisor of q and 192?
6
Suppose 7*t = 55 + 1. Let k = t - -19. Let a = 251 - 242. Calculate the highest common factor of a and k.
9
Suppose -3*i = -3*b + 717, -3*b + 5*b = -3*i + 493. Let v = -2455 + 2499. Calculate the greatest common divisor of v and b.
22
Let w = 5689 - 5182. What is the highest common divisor of w and 351?
39
Let x be ((-18)/(-5))/(-6 + (-927248)/(-154530)). Calculate the highest common divisor of x and 81.
81
Let h = 737 + -737. Suppose 3*m - 267 = -4*v + 574, 3*v + m - 627 = h. What is the greatest common factor of 16 and v?
16
Suppose 81*l - 77*l - 5123 = 6141. What is the greatest common factor of 64 and l?
64
Let q = 880 - 558. Suppose q + 203 = -7*u. Let h = u - -155. What is the greatest common divisor of h and 32?
16
Suppose 31*x = -5*s + 28*x + 315, 4*s + 2*x - 250 = 0. Calculate the highest common divisor of 2170 and s.
10
Let w = -6 - -18. Suppose 3*u - 5*h - 93 = 0, -u - 4*h - 1 + 32 = 0. Let v = 34 - u. Calculate the highest common divisor of v and w.
3
Suppose -12*h + 80 = -676. Let s be ((-56)/(-32))/((-5)/(-300)). What is the greatest common divisor of s and h?
21
Suppose 0 = 182*g + 973 - 5887. Suppose -266 = -j - 2*f, -5*j = -j + f - 1078. Calculate the greatest common factor of g and j.
27
Let u = 55 + -5. Let q be -2 - (-380)/(-32) - (-2)/(-16). Let i = q + u. What is the highest common factor of 12 and i?
12
Let t be (405/(-4))/((-756)/(-13680) - 2/19). What is the greatest common factor of 25 and t?
25
Let j be (56/(-4))/(4/14 + 225/(-567)). What is the greatest common divisor of 399 and j?
21
Suppose -188*p - 76196 = -232*p + 114984. Calculate the greatest common divisor of p and 79.
79
Suppose -8*i - 5*p = -95, 10 - 55 = -4*i - 3*p. Let u be (-4 - (-2)/2) + 6. Calculate the highest common divisor of i and u.
3
Let g(h) = 47*h + 5. Let n be g(13). Let x = n + -94. Calculate the greatest common divisor of x and 116.
58
Let j = 30 - 7. Let i = 2458 + -1572. Let l = 1139 - i. Calculate the greatest common factor of j and l.
23
Let w(x) = 156*x**2 + 5*x + 3. Let f be w(-1). Let k = f + -34. What is the highest common factor of k and 45?
15
Suppose 0 = 23*i - 8*i + 31*i - 201020. What is the greatest common factor of i and 920?
230
Suppose 0 = -31*f + 108003 + 76354. Calculate the greatest common divisor of f and 19.
19
Let v be -4*(2 + -4 - -3). Let f be (-4)/6*(1 + v). Let c = 87 - f. What is the highest common factor of c and 5?
5
Suppose 5*m - 4*y = 4, -2*m - 5*y = -0*y + 5. Let v be (-2 - m)/(5/(-160)). Let n = v + -58. What is the greatest common divisor of n and 48?
6
Let s = 37669 - 37653. What is the highest common factor of 3628 and s?
4
Let b = -80 + 85. Suppose 3*n - 4*o = 184, -n - 92 = -3*n - b*o. Calculate the greatest common divisor of n and 64.
8
Let s = -5277 - -5421. Let b(n) = n**3 + 7*n**2 + 6*n - 6. Let v be b(-5). Suppose u - 4 = v. What is the greatest common factor of s and u?
18
Suppose 0 = -211*j + 2515 - 827. Let i(n) = -5*n**3 + 2*n + 1. Let a be i(-1). What is the highest common divisor of a and j?
4
Suppose -h - 206 = -5*c, 46*c = 43*c + 3*h + 138. What is the greatest common factor of 1010 and c?
10
Let n(v) = 5*v**2 + 57*v - 233. Let m be n(13). Calculate the highest common factor of m and 429.
33
Let p be -1*(0 + 2)*-4. Let l be 0 - 12/p*(-2)/3. Suppose 5*n = 2*s - 11, 5*n - 4 - l = 0. What is the highest common factor of 4 and s?
4
Let g(t) = -t**3 + 6*t**2 + 2*t - 1. Let m be g(6). Let b = 14393 - 14392. Calculate the highest common factor of b and m.
1
Suppose 135 + 163 = 2*i - h, 0 = 2*i - 4*h - 304. Let n be 1/6 - (-188)/24. Calculate the highest common factor of n and i.
4
Suppose -5*h - 2*m = -18 - 16, -2*m - 20 = -4*h. Let a be ((-16)/h)/1*(-342)/24. What is the highest common factor of 133 and a?
19
Let p = 95 + -84. Suppose -p*i = -481 + 96. What is the highest common divisor of i and 315?
35
Suppose 239*c = -20*c + 42*c + 13888. What is the greatest common factor of c and 24480?
32
Let w = 17225 + 3000. What is the highest common factor of 25 and w?
25
Let d(k) = 2*k**2 - 2. Let b be d(-2). Suppose 2*x + b*x = 64. Let o = 39 - 38. Calculate the greatest common divisor of x and o.
1
Suppose -3*b - 2*l + 9518 = 0, -10*b - 36*l + 31688 = -39*l. What is the greatest common factor of b and 30?
10
Let s(w) = -26*w + 1726. Let j be s(59). What is the greatest common factor of 800 and j?
32
Let r be (80/4)/5 - 0. Let w(l) = -6*l + 14. Let k(g) = 5*g - 15. Let m(y) = 3*k(y) + 2*w(y). Let v be m(7). Calculate the highest common factor of r and v.
4
Suppose 4*m + 2*g = 1882, 29*m - 4*g = 25*m + 1912. What is the highest common divisor of m and 341?
11
Let r = 276 - 247. Suppose -43*a = -r*a - 5712. What is the greatest common divisor of a and 24?
24
Let b = 2647 + -1108. What is the greatest common divisor of b and 76?
19
Suppose w + 52*p = 50*p + 1405, 0 = 4*p - 4. Calculate the highest common factor of 23 and w.
23
Let k = 66 - 97. Let m = 44 + k. Suppose 0 = -3*l + l - r + m, 4*l - 38 = 2*r. What is the highest common divisor of l and 24?
8
Let a = 187 + 158. Let l = -26 + 41. What is the highest common factor of l and a?
15
Suppose q + 2*t - 1 = 60, 4*t - 175 = -3*q. Suppose -4*n = -213 + q. Let i be 8/n + (-798)/(-10). Calculate the greatest common divisor of 20 and i.
20
Let r be 1/((-6)/4 + 2) + 195. Let k = r + -137. Calculate the highest common divisor of k and 15.
15
Suppose 4*a - 25199 = -9407. What is the highest common divisor of 12 and a?
12
Let x(m) = -3*m**2 + 10*m + 12. Let t be x(16). Let s = -162 - t. What is the highest common divisor of s and 248?
62
Let c = 45 + -41. Let m be 14/(-4)*8/(-7). Suppose 0 = 3*l - 3*o - 138, -4*l - 168 = -8*l - m*o. What is the greatest common divisor of c and l?
4
Suppose -3*v + 484 = -104. Suppose 3*o - v = 44. Let p(s) = s**2 - 15*s - 386. Let n be p(-14). What is the highest common factor of o and n?
20
Let f(y) = 11*y - 15*y - 2*y + 94. Let a be f(5). What is the highest common divisor of a and 96?
32
Let r be (-5004)/(-21) + (-44)/154. Let n = 49 - 21. What is the greatest common factor of r and n?
14
Suppose -5*f + 8*z = -10, -4*f + 398*z + 8 = 395*z. What is the highest common divisor of f and 134?
2
Let m(s) = -3*s**2 + 8*s - 4. Let d be m(6). Let t = -16 - d. Calculate the greatest common factor of t and 96.
48
Suppose 208*s + 192 = 210*s. Let c be (s/40)/(-1)*320/(-6). Calculate the greatest common factor of 48 and c.
16
Let y = -407 + 383. Let r be y/48 - 2*130/(-8). What is the greatest common factor of 288 and r?
32
Suppose 162 = 14*t + 22. Suppose -3344 = -t*k + 1156. What is the greatest common factor of 45 and k?
45
Let s = 317 - 306. Suppose 4*v + 6 = -10. Let i be v/14 - 699/(-21). Calculate the highest common factor of s and i.
11
Let v(s) = s**2 - 3*s + 5. Let x be v(3). Let y(q) = -5*q + 14*q - 10*q + 44. Let p be y(x). Calculate the highest common divisor of p and 13.
13
Let b = 21130 - 14662. Calculate the highest common divisor of b and 392.
196
Suppose s = 2*p + 19, -5*s + 81 = -4*p + p. Let k be 14/s*-3*5/(-2). What is the